-4 - -3) + 2).
2
Calculate 18 + -13 - (3 + -4).
6
Calculate -8 - (-1 + -2 - 3).
-2
Calculate -7 - (1 + -6 + 0 + 3).
-5
Evaluate 25 - 29 - (-15 - 0) - 7.
4
Calculate 1 - (11 + (-9 - -3)).
-4
(4 - 1 - -7) + -11
-1
(-106 - -86) + 13 + -1
-8
Evaluate (-8 - -4) + 0 + 1.
-3
Calculate 3 - 11 - (9 + -23 - -12).
-6
What is the value of -4 - -13 - 11 - 3?
-5
What is the value of (0 - -3) + -2 + (5 - 7)?
-1
What is the value of -7 - (-7 + 5 - 3)?
-2
Evaluate 8 + (-5 - (4 + -1)).
0
Calculate -4 - (-4 + 3) - (0 - 0).
-3
Evaluate 2 - (1 - 5 - (-1 + -1)).
4
Calculate 8 + (-12 - -7) - 4.
-1
-3 + -2 + 2 - (-3 - -2)
-2
(32 - 21) + 0 + -6
5
Calculate (-15 - -10 - (-7 - -1)) + 3.
4
Calculate -8 + 4 - (-15 + 8 + 0).
3
3 + -1 + -3 + 4 + 1
4
What is -3 - ((7 - 4) + -3)?
-3
Calculate (-5 - -1) + -4 + (13 - 4).
1
Calculate -4 - (-11 + (11 - -5)).
-9
What is 4 - (-5 + 16 - 7)?
0
Calculate 9 + 0 + 4 + -8 - 2.
3
What is the value of 13 - 6 - 20 - -20?
7
Evaluate 3 - ((-1 - (4 + -5)) + 7).
-4
Evaluate 1 - -12 - 7 - (0 + 3).
3
What is -4 - (1 - 13) - 11?
-3
What is the value of 5 - (5 - (-2 + 7 + -10))?
-5
Calculate -1 + -11 - (7 - 15).
-4
Calculate -5 + -4 + 6 + -2.
-5
Evaluate -1 - (-5 - (-4 - 1 - -4)).
3
What is 1 + -7 + 3 + -1?
-4
What is (2 - -3) + -1 - (11 + -9)?
2
Calculate 0 - ((4 - 4 - 5) + 0).
5
(0 - -1) + (-31 - -30)
0
-4 + 0 - (-13 + 14)
-5
What is 8 - (11 - 1) - -9?
7
Calculate -4 + 3 + -2 - 0.
-3
Evaluate 1 + -10 + 3 - -2.
-4
Calculate (1 - -3) + (-13 - (-6 - 3)).
0
Calculate (-6 - -6) + 3 + -1.
2
Evaluate -6 - (-9 + -1 + 3 - -4).
-3
What is the value of -5 + 0 + 10 + -2 + -4?
-1
What is (-5 + -4 + 5 - -5) + -1?
0
Evaluate (3 - (6 - 3)) + 1 + 3.
4
Evaluate (214 - 216) + (-1 - -1 - 3).
-5
(3 - 4) + (2 - 6)
-5
(0 - -1 - -2) + 15 + -20
-2
-2 - (3 - (8 + -3))
0
Evaluate 2 + 2 + 0 + -8.
-4
Evaluate 1 + -4 + -8 + 6.
-5
9 + -1 + -33 + 23
-2
Calculate (-3 - (-5 - 1)) + -8.
-5
-4 + 1 + -3 + 2
-4
-10 - (-6 + 11 + (5 - 10))
-10
Evaluate 47 - 48 - (0 + (-1 - 1)).
1
-6 - (-14 + (-5 - (4 + -11)))
6
Calculate 7 - (4 + -6 + 6 + -2).
5
Calculate -1 + (-2 - (-4 - 0)) - 5.
-4
What is the value of 6 + -10 + 8 + -1?
3
What is -7 + (4 - 2) + -1?
-6
What is (-2 - (0 - 7)) + 3?
8
Evaluate 12 + -15 - (-7 - 1).
5
Evaluate 61 + -65 - (1 - 1).
-4
Calculate 4 - (-3 - (-8 + 4)).
3
What is 1 + (-1 - 1) + (3 - 7)?
-5
What is the value of 3 - 10 - (-1 + -1)?
-5
What is the value of 6 + -16 - (-5 + 2 - 3)?
-4
What is 3 - (-3 - (3 + -7 - 1))?
1
Evaluate (-1 - (9 + -15)) + -6.
-1
-6 + (-16 + 11 - -9)
-2
What is the value of 7 + -13 + 13 - (-1 - 0)?
8
What is 0 + -4 + -2 + 0 - -4?
-2
Calculate 1 - -3 - (1 + 8).
-5
Evaluate 0 + -3 + -7 + (4 - -1).
-5
6 + 5 + 4 + -11
4
What is the value of -3 - ((6 - 14) + 1)?
4
Calculate (3 - 1) + (1 - -2) - 3.
2
What is the value of -11 + -7 + 12 + 10?
4
What is (-7 - -3) + 4 + -3?
-3
1 - 1 - (0 - 1 - -5)
-4
Evaluate 2 + (0 + 0 - -2).
4
Calculate 4 + (3 - 2 - (0 + 3)).
2
What is (-9 - (-2 + 1)) + 77 + -72?
-3
What is the value of (-4 - -8) + -6 - (0 + -4)?
2
Calculate 5 - -2 - (-2 + 9).
0
Evaluate -12 - (-11 + 0 + (-38 - -43)).
-6
3 + 0 - (5 + 1)
-3
Evaluate 9 - ((3 - 9) + 11).
4
7 - (0 + -4 + -61 + 83)
-11
What is -4 - ((-4 - -1) + 3)?
-4
Evaluate -3 + (1 - (8 - (7 - 2))).
-5
What is the value of -4 + (-1 - (-8 - -4))?
-1
What is the value of (3 - 4) + -5 + 2?
-4
What is -4 - -2 - 2 - (-28 - -25)?
-1
What is the value of -9 + 2 - ((-1 - -10) + -11)?
-5
-7 - (-9 + 0 + -3 - -3)
2
What is the value of 10 - (24 + (-5 - 4))?
-5
4 + -9 - (1 - 8)
2
What is the value of -55 - -50 - (3 + -2)?
-6
What is 3 + -7 + (11 - 9)?
-2
13 - (-14 + 2 + 15)
10
What is the value of (2 - 0 - 0) + (46 - 41)?
7
-3 - ((-28 - -10) + (8 - 1))
8
What is the value of 27 - 22 - (3 - -1)?
1
Calculate 6 + (-2 - 9) - -4 - 3.
-4
Evaluate (-7 - -2) + (2 - (-2 + -3)).
2
What is the value of 7 - 3 - (5 - (-6 + 2))?
-5
What is the value of 7 + -1 + -12 - -17?
11
Calculate (5 - 10 - -9) + 2.
6
Evaluate 2 - (0 - (-8 - -7)).
1
Evaluate -1 + (7 - 7) + -8.
-9
Evaluate -10 - (6 - (0 - -17)).
1
What is 1 + 1 - ((4 - 7) + 6)?
-1
(-5 - 1) + (11 - 2)
3
Calculate -13 + (6 - (-1 + -1)).
-5
Evaluate (0 - -1) + (-13 - -11).
-1
What is the value of (-2 + 3 - 0) + (10 - 6)?
5
3 + (6 - 6) + (-2 - 0)
1
Calculate -3 - (-4 + -2 + 3 - 3).
3
What is the value of -4 + (-2 - (1 + -4)) + 6?
3
What is the value of 16 + -4 + -7 - 3?
2
What is the value of 8 + -1 + -12 + (2 - -2)?
-1
Evaluate 2 + -1 + 2 + 10 + -10.
3
25 - 27 - (-1 + -1 + 1)
-1
Calculate -1 - (0 + -1 - (5 - 4)).
1
Calculate -4 - ((0 - 3) + 4 - 0).
-5
What is 0 - (-2 + (0 - 0)) - -1?
3
What is the value of -8 + 7 + 1 + (-9 - -8)?
-1
Evaluate 1 + 2 + -7 + 9.
5
-12 - (5 - 23 - -10)
-4
What is -5 + -5 + 12 - 10?
-8
5 - (0 - (-5 - -2))
2
What is 7 - 2 - (37 + -27)?
-5
-3 + (4 - (-8 + 12)) + -2
-5
What is the value of -11 + (12 - 5) + -5?
-9
What is the value of -3 + -4 + 4 + (5 - 0)?
2
What is the value of 7 - 0 - (32 - (15 - -6))?
-4
7 - (3 - ((0 - -4) + -4))
4
(0 - 3) + (-6 - -6)
-3
What is the value of -2 + 2 + (-11 - -4) + 14?
7
3 + (4 - 9 - 3)
-5
Evaluate -10 - -7 - (2 + -10).
5
What is 4 + (-7 - -22) + -12?
7
Evaluate 6 + -18 + 9 + 7.
4
What is the value of -1 + (16 - 8) + -5?
2
9 + (-2 - 2) - 3
2
Evaluate 4 - ((5 - -2) + -6).
3
What is the value of (8 + -8 - 8 - -2) + -4?
-10
-2 - (2 + 1 - (12 + -10))
-3
Evaluate -3 + (7 - -5) + -5 + 1.
5
What is the value of -9 - (-5 - -3 - 2)?
-5
What is -26 + 20 + (3 + -3 - -9)?
3
What is -12 + 12 + (2 - 2) + -4?
-4
(6 - (3 + 2)) + (0 - 0)
1
-1 + (-1 - (-4 - -5 - -1))
-4
Calculate 22 - (2 + (2 - -9)).
9
Calculate -87 - -73 - (-1 - 3).
-10
What is the value of 22 - 19 - (7 + 6)?
-10
8 + (6 - 10) - 9
-5
2 + -3 - (2 - (-4 - -2))
-5
Evaluate (-1 - -7) + (-2 - -8) + -7.
5
Calculate (10 - 14) + -2 + 1.
-5
Calculate -5 - (-11 - 1) - 3 - -3.
7
What is the value of (185 - 177) + 0 + 0 + 3?
11
What is the value of 38 + -39 - (0 + -4)?
3
Calculate -3 + 1 - (-3 + -12 - -8).
5
What is the value of -6 + 5 + -6 + 6 - 8?
-9
Evaluate 7 + (5 - 5 - 10) + 7.
4
-2 + (-6 + 7 - -5)
4
What is 9 + -1 - 11 - -10?
7
2 + 1 + 2 + -4
1
What is the value of 1 + 8 + 1 + -6?
4
-6 - (1 + 0 + -2)
-5
-1 + (4 + -12 - -14)
5
What is (-17 - -18) + (4 - 1)?
4
Evaluate -2 - (-3 - 2 - (-23 - -22)).
2
6 + -5 + 1 + 4 - 5
1
(5 + 6 - 4) + -9
-2
What is -10 - (-10 - (7 - 7))?
0
What is the value of -3 + -5 - (-4 - 0)?
-4
Calculate 0 + 4 - (30 + -25).
-1
What is -6 + (3 - 0 - -11) - 5?
3
What is 8 + (-4 - (4 + -5) - 0)?
5
What is 2 + 1 + -4 - -6?
5
What is -2 + -7 + 3 - 1 - 2?
-9
5 + -8 + 10 - 6
1
What is (0 - 2) + (-10 - 1) + 6?
-7
What is the value of -3 + (1 + 2 - 0) - -6?
6
What is the value of -1 + (2 - -1) + -5?
-3
-14 - (-3 - 5) - -9
3
What is 2 - 3 - (-11 + (-3 - -10))?
3
(1 - -2 - 0) + (18 - 14)
7
Evaluate 6 - ((-8 - -10) + 9).
-5
Evaluate -15 + 9 + 11 + -3.
2
(4 - 0) + -25 + 22
1
9 - 7 - (3 + -1 + 0)
0
-6 + 2 - 3 - -1
-6
Evaluate 4 + -3 + 3 + -1.
3
What is the value of 3 + 1 - (3 - 4)?
5
What is the value of -3 + ((-3 - -7) + -2 - -3)?
2
Evaluate (-7 + 6 + 8 - 8) + 2.
1
Calculate 0 + -5 + 2 + 3 + 3.
3
2 + (0 - (-2 - (-7 + -2)))
-5
Calculate 10 + -9 + -11 - -3.
-7
What is the value of 0 + 1 - ((1 - -1) + -1)?
0
Calculate (-3 - (-19 + 6)) + -15.
-5
Evaluate -1 - -14 - 4 - (7 + -2).
4
2 - (6 + 0) - (29 + -28)
-5
Evaluate 0 + -11 - (0 + -11).
0
Calculate (1 - -3) + 2 - 2.
4
Evaluate -7 - (0 + 1 - (-4 + 8)).
-4
What is the value of -2 - -2 - 2 - (-2 - -1)?
-1
What is (-1 - (5 + (-1 - 9))) + 2?
6
Calculate -1 + -7 + 1 - (1 - 0).
-8
Calculate -3 + (-1 - -5) - 2.
-1
6 - (-5 + (2 - -10) + -3)
2
Evaluate 5 - -1 - (6 + 2).
-2
2 + (-1 - (5 - (1 + 4)))
1
Evaluate (2 - 0) + -10 + 5 + -2.
-5
What is the value of 3 - 8 - (-1 - 0) - 1?
-5
What is 1 - -7 - (31 + -24)?
1
Evaluate 5 - ((-4 - -15) + 2 + -2).
-6
What is (1 - 3) + (4 - (2 - 1))?
1
78 + -77 + (6 - 3)
4
What is the value of (13 + 4 - 5) + 18 + -21?
9
What is 2 + (7 - (0 - -5)) + 0?
4
What is -3 + 0 - (-4 + (2 - 2))?
1
-1 - (22 + -11) - -12
0
Evaluate -8 + (-3 - -5 - -3).
-3
What is the value of 0 + -1 + -2 + -8 + 7?
-4
(3 - 4) + (-5 - -3 - -1)
-2
What is -4 + (-6 - -1) + (22 - 7)?
6
What is the value of -3 - (-2 - -2) - (-9 + 6)?
0
What is the value of 3 + (1 - 12) - (-8 + 7)?
-7
What is the value of -2 + (-5 - -1